{"id":258,"date":"2025-04-28T09:36:22","date_gmt":"2025-04-28T09:36:22","guid":{"rendered":"https:\/\/www.carlslundstodboende.se\/?page_id=258"},"modified":"2026-02-26T11:57:16","modified_gmt":"2026-02-26T11:57:16","slug":"repulse","status":"publish","type":"page","link":"https:\/\/www.carlslundstodboende.se\/?page_id=258","title":{"rendered":"rePULSE"},"content":{"rendered":"<div class=\"flex_column av_one_full  flex_column_div av-zero-column-padding first  \" style='border-radius:0px; '><section class=\"av_textblock_section\"  itemscope=\"itemscope\" itemtype=\"https:\/\/schema.org\/CreativeWork\" ><div class='avia_textblock  av_inherit_color'  style='font-size:13px; '  itemprop=\"text\" ><h6 style=\"text-align: left;\"><strong>rePULSE <\/strong><\/h6>\n<p style=\"text-align: left;\"><strong>\u00e4r en manualbaserad behandlingsmetod som \u00e4r utformad f\u00f6r att hj\u00e4lpa individer att f\u00f6rb\u00e4ttra impulskontroll, k\u00e4nsloreglering och sociala f\u00e4rdigheter.\u00a0<\/strong><\/p>\n<h6 class=\"p1\" style=\"text-align: left;\"><b>ESL \u2013 Ett Sj\u00e4lvst\u00e4ndigt Liv<\/b><\/h6>\n<p class=\"p2\" style=\"text-align: left;\"><b><strong>\u00e4r en evidensbaserad metodik f\u00f6r att st\u00f6dja och hj\u00e4lpa personer med psykiska funktionsneds\u00e4ttningar, samsjuklighet och missbruk. Det \u00e4r en pedagogisk modell som \u00e4r manualstyrd f\u00f6r att hj\u00e4lpa klienten att skapa struktur, f\u00f6r\u00e4ndring och utveckling inom alla livsomr\u00e5den.<\/strong><\/b><\/p>\n<h6 class=\"p1\" style=\"text-align: left;\"><span class=\"s1\"><b>CRA<\/b><\/span><b>(Community Reinforcement Approach)<\/b><\/h6>\n<p class=\"p1\" style=\"text-align: left;\"><b><strong>\u00e4r en evidensbaserad behandlingsmetod vid missbruk, som kombinerar KTB och motiverande samtal f\u00f6r att hj\u00e4lpa personer att leva ett drogfritt liv genom att f\u00f6rst\u00e4rka positiva beteenden, aktiviteter och sociala kontakter.<\/strong><\/b><\/p>\n<\/div><\/section><\/div><div class='avia-image-container  av-styling-   avia-align-center '  itemscope=\"itemscope\" itemtype=\"https:\/\/schema.org\/ImageObject\"  ><div class='avia-image-container-inner'><img class='avia_image ' src='https:\/\/www.carlslundstodboende.se\/wp-content\/uploads\/2025\/04\/bild5-scaled.jpg' alt='' title='bild5'   itemprop=\"thumbnailUrl\"  \/><\/div><\/div><\/p>\n<div class=\"flex_column av_two_third  flex_column_div av-zero-column-padding first  \" style='border-radius:0px; '><\/div>\n<div class=\"flex_column av_one_half  flex_column_div av-zero-column-padding first  \" style='border-radius:0px; '><\/div>\n","protected":false},"excerpt":{"rendered":"","protected":false},"author":2,"featured_media":0,"parent":0,"menu_order":0,"comment_status":"closed","ping_status":"closed","template":"","meta":{"footnotes":""},"class_list":["post-258","page","type-page","status-publish","hentry"],"_links":{"self":[{"href":"https:\/\/www.carlslundstodboende.se\/index.php?rest_route=\/wp\/v2\/pages\/258","targetHints":{"allow":["GET"]}}],"collection":[{"href":"https:\/\/www.carlslundstodboende.se\/index.php?rest_route=\/wp\/v2\/pages"}],"about":[{"href":"https:\/\/www.carlslundstodboende.se\/index.php?rest_route=\/wp\/v2\/types\/page"}],"author":[{"embeddable":true,"href":"https:\/\/www.carlslundstodboende.se\/index.php?rest_route=\/wp\/v2\/users\/2"}],"replies":[{"embeddable":true,"href":"https:\/\/www.carlslundstodboende.se\/index.php?rest_route=%2Fwp%2Fv2%2Fcomments&post=258"}],"version-history":[{"count":21,"href":"https:\/\/www.carlslundstodboende.se\/index.php?rest_route=\/wp\/v2\/pages\/258\/revisions"}],"predecessor-version":[{"id":533,"href":"https:\/\/www.carlslundstodboende.se\/index.php?rest_route=\/wp\/v2\/pages\/258\/revisions\/533"}],"wp:attachment":[{"href":"https:\/\/www.carlslundstodboende.se\/index.php?rest_route=%2Fwp%2Fv2%2Fmedia&parent=258"}],"curies":[{"name":"wp","href":"https:\/\/api.w.org\/{rel}","templated":true}]}}